 -5*d + 70. Let l be z(17). Let j be o(l). What is the highest common factor of j and 44?
11
Let p = -11139 - -11151. Calculate the greatest common factor of 1068 and p.
12
Suppose 9*s - 40*s + 62 = 0. Let f = -2 + 6. Suppose -2*z + 36 = -x, -f*z - 6*x + 60 = -s*x. Calculate the highest common factor of 51 and z.
17
Let o = -2408 - -2426. What is the greatest common factor of 1926 and o?
18
Let v be -10*20*7/((-84)/(-15)). Let m = v + 306. Calculate the highest common divisor of 12 and m.
4
Let z = 46 + -48. Let j be 8/((16/4)/4) + z. Suppose 0 = -2*l + v + 101, -4*l + j*l = -3*v + 81. What is the highest common factor of l and 6?
6
Suppose 2*h - 3*c = -c + 10, -4*c - 4 = 0. Let s be h/18 - (0 - (-11)/9). Let n be (-33)/(-6)*12 + s. Calculate the greatest common divisor of n and 13.
13
Suppose -38*f + 1196 = -3*f + 11*f. Calculate the greatest common divisor of f and 98.
2
Suppose -407*p + 25398 = 340*p. Let f(w) = -w. Let y(b) = 5*b - 68. Let g(j) = -6*f(j) - y(j). Let v be g(0). What is the highest common divisor of v and p?
34
Suppose -3*b + 6 = 0, -56 = -20*s + 18*s - 3*b. Calculate the highest common divisor of 10 and s.
5
Suppose 6*g - 18 = -48. Let t be (2 + g/(-2))*(-20)/(-15). What is the greatest common divisor of 6 and t?
6
Let m(o) = -101*o + 312. Let v be m(3). What is the greatest common factor of v and 9549?
9
Let h(p) = 9*p - 131. Let f be h(35). Let n = f - 156. What is the greatest common factor of 224 and n?
28
Suppose 0 = -5*r + 2061 - 56. Let t = r - 261. Calculate the greatest common divisor of t and 175.
35
Let d be (-4 - 68/(-12))/(4/12). Let p be (-55)/d*(-5 - -2). What is the greatest common divisor of 11 and p?
11
Let r(c) = 2*c**3 - 5*c**2 + 2*c - 2. Let v be r(5). Suppose 0 = 45*k - 87*k + 98 + 1498. Calculate the highest common factor of k and v.
19
Let v = -2207 + 2228. Let r(n) = -2*n**2 + n. Let c be r(1). Let u be ((-126)/(-10))/(c/(-5)). What is the greatest common divisor of u and v?
21
Let s be (-57372)/(-45) + ((-154)/(-105))/22. Calculate the highest common divisor of s and 17.
17
Let f(j) = -456*j + 2337. Let w be f(5). What is the greatest common divisor of w and 5?
1
Let c = 3670 - 3665. Calculate the greatest common factor of c and 1445.
5
Suppose -137137 - 9456 - 53667 = -34*v. Calculate the highest common factor of v and 248.
62
Let p(h) = -h**2 - 11*h - 1. Let f be p(-8). Suppose -f*y + 135 = -8*y. What is the highest common divisor of 3 and y?
3
Suppose -5*f = 5*t - 44445, 4*f = 6*t - 5*t + 35596. What is the greatest common divisor of 123 and f?
41
Let x = 30 + -24. What is the highest common divisor of x and 64?
2
Suppose -2*u = -17*f + 12*f - 454, -1114 = -5*u + 2*f. Let o = -209 + u. Calculate the greatest common factor of o and 4.
1
Let z(f) = -2*f**3 + 6*f**2 + 38*f + 124. Let b be z(-6). Calculate the greatest common divisor of 256 and b.
32
Suppose 6660 = 1033*h - 996*h. Calculate the greatest common divisor of h and 24.
12
Suppose -8 = 3*p - 7*p. Suppose 5*x + 5*o = -10, 4*x - o - 2 = 6*x. Suppose p*g - g - 2 = x. What is the highest common factor of 6 and g?
2
Suppose -4*o = -3*m + 67, 6*m - 105 = m + 5*o. Suppose -p + 4*g + 45 = 0, 3*g + 5 = m. What is the highest common divisor of 61 and p?
61
Let a = 342 - 339. Suppose 0 = -g - u + 13, a*u - 35 - 19 = -4*g. What is the highest common divisor of g and 24?
3
Let t = -4850 + 5300. Calculate the highest common divisor of 1440 and t.
90
Let l be (-6)/33 - (-9 + (-6966)/198). What is the greatest common factor of l and 10714?
22
Let n be (-6 - -2)*10/(-4) - -276. Calculate the highest common divisor of n and 56056.
286
Let v = -1668 - -1750. What is the highest common divisor of v and 82?
82
Let v = -23463 - -24034. Calculate the highest common divisor of v and 1.
1
Let p be -1 + (200/8 - 2). Suppose 96 = 2*n + n. Suppose -w + 3*f = -28, 5*f + 0*f = w - n. Calculate the highest common factor of w and p.
22
Let o(x) = 16*x**2 - 92. Let t be o(-10). What is the greatest common factor of 232 and t?
116
Let z = -20351 + 20396. Calculate the highest common divisor of 1503 and z.
9
Let n = -5162 + 11506. What is the greatest common factor of n and 61?
61
Let h be ((-9867)/(-6))/11*(-40)/(-7 - -5). Calculate the greatest common divisor of h and 460.
230
Suppose 14 = -d + 14. Suppose -14 = -2*l + 2*k - d, -k = 5*l - 11. Suppose -4*w + 28 - 11 = m, 5*m - 39 = l*w. What is the greatest common divisor of 6 and m?
3
Let b = 23389 - 23357. What is the highest common factor of 35232 and b?
32
Let o = 5011 + -4996. What is the highest common divisor of 2505 and o?
15
Let d = 561 + -558. Suppose d*f - 2*y - 76 = 0, 10*f - 12*f + 40 = 4*y. What is the greatest common divisor of 18 and f?
6
Suppose 0 = -5*m + 48 - 33. Calculate the greatest common factor of 1242 and m.
3
Let l(s) = s**3 - 6*s**2 + 4*s + 10. Let v be l(5). Suppose 2*f = 4, -v*f + 4 = -3*c + 129. What is the highest common factor of c and 30?
15
Let v(o) = 11*o**2 + 270*o - 113. Let h be v(-25). Let g(t) = 2*t**3 - 4*t**2 + 2*t - 4. Let j be g(3). What is the greatest common divisor of h and j?
4
Let w be (-45)/(-5)*(-1)/((-12)/4)*403. Calculate the highest common factor of 117 and w.
39
Suppose -2523 = 9*h - 6393. Suppose -2*m = -29 + 9. Calculate the greatest common factor of h and m.
10
Let n = 2862 + -1944. Let a be n/21 - (-2)/7. Calculate the greatest common factor of 154 and a.
22
Let t(a) = -a**3 - 16*a**2 + 8*a + 13. Let w be t(-15). Let h = 376 + w. Calculate the greatest common factor of 16 and h.
4
Suppose 0 = 2*m + 5*z - 3973, 1638*z - 1634*z + 1967 = m. Calculate the greatest common divisor of 1 and m.
1
Let g be 872/16 - 3/(-2) - -6. What is the highest common divisor of 1178 and g?
62
Let a = 23 + -58. Let l = 165 - a. Suppose -2*z = -4*z + 50. What is the highest common factor of z and l?
25
Suppose -32*g = 591 + 81. Suppose -7*v = -3*v. Let n = v - g. What is the highest common factor of 7 and n?
7
Let f = -25303 - -25419. What is the greatest common divisor of f and 12412?
116
Let g(s) = -157*s**3 - 10*s**2 - 12*s - 4. Let o be g(-1). Calculate the greatest common factor of 620 and o.
155
Let l = 941 + -428. Calculate the greatest common factor of 54 and l.
27
Let p be 4/(-10) + 3454/10. Let o(t) = t**3 - 5*t**2 - 120*t - 301. Let g be o(-6). Calculate the highest common divisor of g and p.
23
Let l be -141 + 1184 + (11/1 - 1). Calculate the highest common divisor of l and 195.
39
Let r(j) = 17*j**2 + 2*j - 3. Let l(a) = 1. Let o(c) = 3*l(c) + r(c). Let b be o(-2). Let n = -26 + b. Calculate the highest common factor of 76 and n.
38
Let x be -2*77/14 + 19. What is the highest common divisor of 3824 and x?
8
Let t(r) = r - 2. Let n be t(7). Suppose 4*w = -6*i + i, 0 = -5*i - n*w - 5. Let q = 25 + -15. Calculate the highest common factor of i and q.
2
Let p = -339 + 427. Suppose -4*y + r = 2*r - p, 3*y + 4*r = 79. Suppose 3*l = 3*v - 0*l - 51, -2*l = -3*v + 55. Calculate the highest common factor of y and v.
21
Let c be 9 - -3*((-6)/9 + 1). Suppose -5*m + k + c = -27, 4*k + 28 = 5*m. Let p be (1 + -2)*m/(-1). What is the highest common factor of 8 and p?
8
Let s be (-367)/(57/15 + -4). Suppose 22*t - s = -449. What is the greatest common factor of 189 and t?
63
Suppose -5*b + a + 38 = 0, -5*b - 12*a + 16*a + 32 = 0. What is the highest common divisor of 146 and b?
2
Let t be 1372/(-196)*(-3652)/14 + 1 + 0. What is the greatest common factor of 126 and t?
63
Let j = 44 + -72. Let g be (-2)/(-3)*(-258)/4. Let p = j - g. What is the highest common divisor of p and 6?
3
Suppose -18*o = -110095 + 55645. Calculate the highest common divisor of o and 125.
25
Let l be 0 - (2 - (0 - (0 + 2))). Let m be ((-1598)/(-5) - l) + (-6)/10. Calculate the greatest common factor of m and 38.
19
Let z be (19/(-3) - -4)*(12 - 66). What is the highest common factor of z and 966?
42
Let k be ((-64)/(-6))/(-1 + 1848/1827). What is the greatest common factor of 32 and k?
32
Let g(i) = 4*i**2 + 75*i + 65*i - 3*i**2 - 124*i + 39. Let s be g(-16). Let l = -37 + 63. What is the greatest common divisor of s and l?
13
Let f = 337 + -532. Let y = 247 + f. Calculate the greatest common factor of 26 and y.
26
Let a be 1 + -3 + -10 + 17. Let y = -13 - -43. Let n be 1*(-4 + y + -1). Calculate the greatest co